 base 14?
61d
-700b (base 13) to base 14
-5874
What is -35074 (base 8) in base 13?
-6a2a
4758 (base 12) to base 16
1f34
What is -11a1 (base 12) in base 14?
-a25
Convert 2b6 (base 12) to base 2.
110101010
Convert 107 (base 16) to base 9.
322
What is b632 (base 16) in base 6?
555534
What is -136 (base 10) in base 14?
-9a
What is 110011111011 (base 2) in base 6?
23215
Convert 311 (base 11) to base 6.
1423
13450 (base 6) to base 11
1656
-46318 (base 9) to base 10
-30878
-62226 (base 7) to base 6
-154230
-1001010100011010 (base 2) to base 16
-951a
45345 (base 8) to base 12
b119
213a (base 12) to base 13
1876
Convert 5ea (base 15) to base 8.
2501
-2333 (base 4) to base 3
-21002
-203413 (base 5) to base 13
-30ac
Convert 106 (base 7) to base 15.
3a
What is de0 (base 16) in base 7?
13233
Convert -29b9 (base 14) to base 13.
-34b5
-10aa3 (base 12) to base 11
-15832
What is -54511 (base 6) in base 10?
-7531
Convert 2d5 (base 14) to base 4.
21003
Convert -6279 (base 11) to base 3.
-102101221
Convert -11417 (base 9) to base 7.
-31150
What is 1213012 (base 4) in base 16?
19c6
-220013 (base 4) to base 5
-40232
Convert 3ca1 (base 16) to base 7.
63152
Convert 236 (base 12) to base 2.
101001010
Convert 1440100 (base 5) to base 2.
111011110111010
-114a (base 13) to base 4
-211330
What is 13132 (base 11) in base 16?
4966
-1111001 (base 2) to base 12
-a1
What is -1167 (base 12) in base 4?
-132133
Convert -14373 (base 13) to base 2.
-1001010000111110
21015 (base 6) to base 3
10212102
Convert -3152 (base 8) to base 16.
-66a
-6014 (base 14) to base 6
-204150
What is -542335 (base 6) in base 2?
-1010111001010011
Convert -11011021001 (base 3) to base 4.
-103332232
What is -13030131 (base 4) in base 13?
-1054b
-4436 (base 9) to base 7
-12354
Convert 140 (base 7) to base 14.
57
Convert -532 (base 7) to base 9.
-327
237 (base 10) to base 14
12d
cb7 (base 14) to base 11
1985
What is 10304 (base 5) in base 4?
23000
Convert -111012222 (base 3) to base 10.
-9638
Convert 10225 (base 6) to base 10.
1385
What is -222002 (base 3) in base 14?
-384
Convert -21c (base 14) to base 16.
-1a2
Convert 10fb (base 16) to base 6.
32043
313232 (base 4) to base 3
11220002
What is ce1 (base 15) in base 7?
11326
21d (base 15) to base 16
1de
Convert 3515 (base 8) to base 7.
5310
30781 (base 10) to base 8
74075
Convert -12300 (base 4) to base 16.
-1b0
Convert -1100010111 (base 2) to base 4.
-30113
What is -122013 (base 4) in base 10?
-1671
527 (base 16) to base 15
5ce
Convert -7795 (base 11) to base 8.
-24034
Convert -484b (base 12) to base 6.
-101335
Convert 21123302 (base 4) to base 13.
14786
100133 (base 4) to base 11
87a
Convert -271 (base 11) to base 9.
-385
What is 144040 (base 5) in base 2?
1100000000001
Convert -1011011 (base 2) to base 10.
-91
101110101101 (base 2) to base 4
232231
What is 4563 (base 7) in base 3?
2021120
-16223 (base 7) to base 6
-33102
What is -ce3 (base 16) in base 14?
-12b9
Convert 134b6 (base 12) to base 14.
99c6
400 (base 10) to base 3
112211
55354 (base 6) to base 12
455a
Convert -3202412 (base 5) to base 6.
-1051334
What is 33322 (base 5) in base 10?
2337
Convert 5217 (base 10) to base 14.
1c89
What is -1439 (base 14) in base 8?
-6773
779 (base 10) to base 5
11104
What is -543 (base 9) in base 13?
-282
1844 (base 9) to base 12
9a1
Convert -2420 (base 9) to base 3.
-2110200
Convert -131552 (base 9) to base 5.
-10024123
Convert -16501 (base 7) to base 2.
-1001001100001
-1756 (base 8) to base 7
-2635
What is 43066 (base 9) in base 2?
110111101001011
What is -11c9 (base 13) in base 15?
-b3b
Convert -1015 (base 6) to base 10.
-227
Convert -11121 (base 5) to base 4.
-30102
What is 36156 (base 7) in base 16?
2487
66 (base 13) to base 12
70
Convert 4434 (base 9) to base 15.
e81
What is -a62 (base 12) in base 11?
-1157
What is 117b (base 12) in base 8?
3657
1605 (base 12) to base 10
2597
What is -2345 (base 10) in base 13?
-10b5
-110101101101110 (base 2) to base 14
-a046
1221 (base 6) to base 3
102011
Convert -3220 (base 4) to base 3.
-22121
What is 11880 (base 9) in base 12?
4776
Convert -4927 (base 16) to base 8.
-44447
Convert 2220434 (base 5) to base 4.
21133111
What is 10012201020 (base 3) in base 13?
22a07
-41e (base 16) to base 6
-4514
112 (base 15) to base 12
182
What is e8 (base 15) in base 13?
13a
-112047 (base 8) to base 12
-19b47
What is 23044 (base 5) in base 16?
671
-1111101 (base 2) to base 5
-1000
What is -1100111 (base 2) in base 15?
-6d
10010022121 (base 3) to base 5
3431333
Convert 6655 (base 15) to base 2.
101010010110000
Convert -7482 (base 9) to base 12.
-3225
What is -41033 (base 5) in base 11?
-1a93
-20022 (base 3) to base 12
-122
What is 162c (base 13) in base 3?
11110100
What is -2a7c (base 13) in base 8?
-14053
What is -113131 (base 4) in base 7?
-4243
Convert -101011100001110 (base 2) to base 7.
-121655
What is -113042 (base 7) in base 8?
-47453
What is -1326b (base 14) in base 9?
-71582
-26342 (base 8) to base 3
-120202120
What is -2255 (base 6) in base 9?
-658
Convert -3222 (base 7) to base 14.
-5b9
What is -120323 (base 4) in base 9?
-2162
-2003 (base 6) to base 3
-121010
What is 348 (base 11) in base 9?
511
Convert -132353 (base 6) to base 11.
-9215
What is -1263 (base 11) in base 16?
-66a
Convert -100011110 (base 2) to base 7.
-556
-1b84a (base 13) to base 8
-151576
What is 1001201 (base 3) in base 8?
1407
What is -1233 (base 4) in base 13?
-87
1110000100010 (base 2) to base 13
3380
5301a (base 11) to base 4
102312203
What is -21003110 (base 4) in base 5?
-2141301
-3001230 (base 4) to base 8
-30154
What is 6635 (base 7) in base 8?
4512
-e81 (base 16) to base 12
-2195
65022 (base 8) to base 2
110101000010010
12686 (base 9) to base 7
34011
What is 23b0 (base 12) in base 2?
111110110100
What is 10106 (base 13) in base 5?
1404421
Convert -930 (base 12) to base 6.
-10100
What is 8b (base 12) in base 11?
98
What is -31380 (base 10) in base 4?
-13222110
44212 (base 5) to base 9
4166
145 (base 8) to base 13
7a
Convert -3144 (base 5) to base 6.
-1544
-1000232 (base 4) to base 8
-10056
Convert -116321 (base 9) to base 4.
-101021212
-240551 (base 7) to base 16
-a9eb
What is 22313 (base 4) in base 13?
416
Convert 1222221 (base 3) to base 2.
10110110000
Convert -1f7 (base 16) to base 2.
-111110111
What is 213111 (base 4) in base 5?
40032
Convert 88784 (base 9) to base 7.
333622
Convert 22222 (base 4) to base 12.
48a
What is 1101100111000010 (base 2) in base 16?
d9c2
3beb (base 15) to base 7
52244
fffc (base 16) to base 3
10022220010
5a8 (base 13) to base 9
1312
Convert 100606 (base 9) to base 3.
10000200020
530 (base 6) to base 2
11000110
What is -21202 (base 3) in base 7?
-416
Convert 119 (base 11) to base 8.
215
What is 20121020 (base 3) in base 12?
2950
What is -1ab7 (base 13) in base 8?
-7705
1337 (base 9) to base 2
1111101110
What is -620 (base 9) in base 4?
-13320
-157b (base 12) to base 10
-2543
-255 (base 6) to base 3
-10222
Convert 122241 (base 6) to base 5.
322042
-110 (base 4) to base 5
-40
-51 (base 8) to base 9
-45
What is -28 (base 11) in base 3?
-1010
Convert 453 (base 10) to base 2.
111000101
100231 (base 5) to base 12
1a1b
Convert 1b6 (base 15) to base 7.
1104
What is 2112002 (base 4) in base 3?
111011122
What is 102200120 (base 3) in base 12?
4b20
Convert -3860 (base 9) to base 5.
-43024
-45 (base 16) to base 14
-4d
What is 1db (base 15) in base 8?
657
What is 43403 (base 7) in base 9?
15765
1331 (base 5) to base 15
e6
4022 (base 7) to base 4
111230
31113 (base 4) to base 2
1101010111
What is -3169 (base 15) in base 5?
-313244
Convert -7ce (base 16) to base 11.
-1557
Convert -2e79 (base 16) to base 13.
-5552
Convert -13361 (base 8) to base 12.
-3495
Convert 10220 (base 4) to base 6.
1212
Convert -5ca (base 15) to base 6.
-10031
-107a (base 13) to base 3
-10011010
21112 (base 5) to base 12
993
Convert -217 (base 15) to base 8.
-730
Convert 11110 (base 3) to base 8.
170
What is 5ad (base 15) in base 8?
2410
Convert 10100011110101 (base 2) to base 3.
112101100
What is -259 (base 12) in base 9?
-436
-413 (base 10) to base 5
-3123
What is 153 (base 12) in base 3?
21200
Convert -989 (base 15) to base 8.
-4152
What is 11200000 (base 3) in base 8?
6512
What is 1001210201 (base 3) in base 8?
51006
What is -13121122 (base 4) in base 10?
-30